32.
-56
What is -13 - (17 - 9) - (12 + -94)?
61
Evaluate (-24 - 13) + 7 - (9 - 3).
-36
Calculate (-2 - (-51 - -113)) + 117.
53
Evaluate 24 - -83 - 237 - -56.
-74
What is -1 + (4 + (-11 - (3 - -2)) + -11 - 2)?
-26
Evaluate -23 - 0 - (-19 - (-29 + -10 - -15)).
-28
Evaluate (-2 - (-5 - (14 + -5))) + 7 + -7 - -2.
14
5 + (-32 - (-30 - -11 - -8))
-16
What is the value of 21 - (20 - (10 - (15 + -5)))?
1
-75 - (-66 - (-23 - -48))
16
Calculate (21 - 46) + -17 + 38.
-4
2 + -9 + -1 + (-38 - -41 - -31)
26
Evaluate -110 - -61 - ((1 - 0) + -2 - -2).
-50
Evaluate -1 - -152 - (-941 - -1032).
60
74 + (40 - (33 + (66 - 25)))
40
What is the value of 13 - (153 + (-109 - -12))?
-43
Evaluate (-7 - 1 - -4) + -16 + (-62 - -57).
-25
Calculate -134 + 107 - (-3 - 42) - (-2 + -45).
65
What is -1 - (25 - (24 + (-14 + 21 - 18)))?
-13
Evaluate 23 + (-24 + 16 - -16 - 94).
-63
Calculate 17 + -47 + 15 + (-29 - -21).
-23
Calculate -32 + -35 + -27 + 58.
-36
-2 - (-2 + (2 - 3)) - (-6384 + 6368)
17
What is ((-1 - -3) + 41 - (2 - -1)) + -286 + 293?
47
What is (0 - -13 - (58 - 66 - -5)) + (-12 - -2)?
6
Evaluate 14 + 8 + (2 - 3 - (4 - -10)) - 38.
-31
What is 41 - (-1 - -59 - 18)?
1
What is 25 + 37 + -81 - -41?
22
What is (2 - -22) + (107 - -12) + -208?
-65
Calculate 42 - -3 - (7 + -7) - (-489 + 486).
48
What is 0 + 5 + (-11 - (6 - 6)) + -803 + 733?
-76
What is the value of 0 - (2 - 6 - 0) - (178 + -193)?
19
-22 - (22 + 8 + -45)
-7
(-11 - (-20 - (-15 - -63))) + -6
51
Evaluate -369 + 288 + 53 + 2.
-26
What is 7 + 0 - (-254 - -208 - (16 + -52))?
17
Calculate (-2 - -7 - ((1 - -28) + 69 + -29)) + 3.
-61
What is the value of 0 + -4 - (-11 - (-25 + (3 - -5)))?
-10
Calculate -34 + -2 + (57 + -30 - 4).
-13
What is the value of -55 - -58 - 5 - -16?
14
Evaluate 542 + -589 + 1 + -1 + 8.
-39
(116 - (-287 - -367)) + -151 + -1
-116
Calculate 10 - (-3 - (-11 + -2) - 21).
21
-1 - -1 - 70 - (-25 + 29 - 11) - -7
-56
What is the value of -4 + (7 - -7 - -10) - 2?
18
Evaluate 259 - 274 - (108 + -28).
-95
6 - ((8 - (-3 + 0)) + (-88 - 2))
85
What is the value of 1 - 16 - (230 + -82 - 166)?
3
What is -137 + (101 - (-53 - -74))?
-57
What is (-2 - -8) + (-32 - (-10 + 2))?
-18
Evaluate -44 - ((-12 + 19 - 25) + -20).
-6
What is -11 + 29 + -2 + -40?
-24
54 + (-19 - -19 - 7) + -7
40
-1 + 6 - (-10 + 11) - ((11 - -5) + -10)
-2
Calculate (75 - 1) + (41 + -13 + -29 - (0 + 4)).
69
What is the value of 1 - 5 - (-5 - -2) - ((-17 - -23) + 44)?
-51
0 - (-21 + 39 + (-19 - -14))
-13
(-35 - 116) + 33 - (-2 - -14 - 13)
-117
What is the value of -24 - (-18 + -22) - 90?
-74
Calculate 3 - (2 + -1) - (1 + 102) - (-5756 + 5758).
-103
Calculate -257 - -294 - (149 + (-11 - -31)).
-132
Evaluate -45 + (-2 + 19 - (926 - 893)).
-61
What is -22 - (-67 + 26 - -18)?
1
Evaluate (-164 - (68 - 88)) + (16 - (-3 + 0)).
-125
What is -27 + -18 + 75 + (-6 - -26)?
50
What is 27 + -13 - 2 - (-9 - (-1 + -3))?
17
0 - (44 - -1) - (5232 + -5222)
-55
25 + -1 + -4 + (11 - 0) - 12
19
Evaluate 39 + (-72 - -62) + -1 + -2.
26
What is -14 - (-17 + (-6 - -65) - (-6 - -26))?
-36
What is the value of -1373 + 1383 + 17 + 1 + 2?
30
-1 - 54 - (-18 - (26 + 4) - -33)
-40
Calculate -1 - 1 - -1 - (-12 - 8 - -46).
-27
What is (1 - (-1 - 37)) + (-59 - -12 - -45)?
37
Evaluate -12 - (-1 - (68 + (7 - 5) + -5)).
54
What is the value of 0 + -25 - (-1 - 1) - (-6823 + 6816)?
-16
Calculate 13 - ((-9 - (-36 - (-37 + -126))) + 2 + 1).
146
What is (-66 - -100 - 63) + 3 + -3 + (-8 - -1)?
-36
What is the value of 22 + 5 + (6 - 4) + (-99 - -98)?
28
Evaluate (-16 - -17) + 3 + -4 + 14.
14
What is the value of -2700 - -2795 - (0 - -50)?
45
What is the value of (-8 + 5 - (-34 - -43)) + 3?
-9
What is 7 + (-3 + 1 + -1 - (-1819 - -1762))?
61
Evaluate 7 - 1 - (-44 + 132 - 105).
23
11 - (-11 - (-40 + (-2 - (-7 - -3))))
-16
Evaluate 57 + (-15 - ((1 - 8) + 11)).
38
Calculate -26 + (62 - (21 + 8)) + 6 + (0 - 30).
-17
What is the value of 74 + 42 + -130 - (-90 - 0)?
76
Calculate (1829 - 1846) + 35 + 0.
18
What is the value of -33 - ((-4 - 0) + -168 + 154)?
-15
What is the value of -399 + -102 + 508 + 1 + 33 + -1?
40
0 + (38 - 6) + (-122 - -150)
60
What is -19 + -78 + 89 - -75?
67
Evaluate 148 - 110 - -25 - -38.
101
What is the value of 293 + -257 + 29 + -11 + 13?
67
(-58 + 33 - 12) + 6 + -8
-39
Evaluate -14 + -150 + 53 - -23.
-88
Calculate -5 + 8 + 8 - (12 - (-11 - 3 - 12)).
-27
-441 - -481 - (-7 - ((-12 - 5) + 7))
37
Calculate -31 + 31 + (-9 + -11 + 21 + -10 - 29).
-38
-6 + -5 + -11 + -11 - 6
-39
Evaluate 1 + 85 - (8309 + -8227).
4
(-12 - (-5 + -4) - 4) + 5 + (3 - -15)
16
What is (143 - 90) + (-13 + -1 - -5) - (-9 + 1)?
52
Evaluate (226 - 272 - (1 - 22)) + 2.
-23
Evaluate 15 + (3 - (16 - -30)) + -20.
-48
What is the value of 24 - (38 - -49) - -4?
-59
Calculate -1 + 0 - 0 - (3889 - 3880).
-10
Evaluate 54 + 6 + -7 + (-6 - (-5 + (-4 - -14))).
42
What is 55 + -1 - ((32 - 30) + -2 + (13 - 6))?
47
Calculate -13 - 0 - (5 - (23 - 10)).
-5
Calculate -49 + 14 - 13 - (-15 - -10).
-43
Evaluate -8 - 7 - (341 - 385).
29
(4 - (53 - 3)) + 245 + -266 - (-5 - 0)
-62
Calculate 10 + (-4 + (19 - 2) - 4) + (-99 - -103).
23
What is the value of 7 - (21 + 7 + -14 + 6)?
-13
Calculate (17 - 53) + 73 + 0 - (-1 - -11).
27
What is 73 - (-40 + (-37 - -181))?
-31
Calculate (1 + 9 - 1) + -32830 + 32779.
-42
55 - (12 - (12 - -16) - -34)
37
Calculate 1 + 0 + 2 - (-2 - -5) - (843 - 846).
3
Calculate -19 + -51 - (-63 - -32).
-39
Evaluate (-43 + 1 + 13 - -14) + 10 + -1 - 0.
-6
Evaluate -109 + -34 + (12 - 32 - -36).
-127
Evaluate -73 + (86 - 45) + -2 + -10 + 0.
-44
Evaluate (1 - (2 + -2 - -1) - 4) + (-5019 - -5005).
-18
Evaluate (4 - 1) + 59 + -38 + -9 - 60.
-45
Calculate 0 + (5 - 5 - 28 - (74 + -61)).
-41
Calculate 142 + -108 + 196 + -187.
43
18 + -40 + 25 + 0 - (-1 - 16)
20
46 + 18 + (1 - 7 - (15 - (23 + -8)))
58
-16 + (9 - (-43 + 67))
-31
What is the value of 2 + -65 - ((32 - 66) + 24)?
-53
Calculate (78 - (142 + -60)) + (-6 - -2) + -12.
-20
What is the value of -16 + (6 - (5 - 12)) + (-114 - -12)?
-105
What is (-3 - 36) + (-517 - -540) + (11 - -1)?
-4
-2 - -4 - (-148 + 184)
-34
What is the value of 5 + (2 - 7 - 10) - (-4 + -4 - -18)?
-20
What is the value of (-940 - -999) + -30 + -2?
27
What is (7 - 25) + (414 - 420)?
-24
Evaluate -1 + 6 + -8 + (6 - 15) + 266 + -350.
-96
Evaluate (-55 - (-114 + 5)) + -90.
-36
Evaluate 19 - ((16 - 35) + 22).
16
15 + -6 + 0 + 8 + (-6 - 0)
11
What is 7 + (26 - (40 + (22 - 14))) + (120 - -1)?
106
What is the value of 26 - (2 - (-10 - -5))?
19
128 + 0 + -4554 + 4537
111
Evaluate (464 - 464) + (0 - 0 - -4) + -7.
-3
-11 + 3 + (-21 - -14 - (2 + 2))
-19
Calculate (77 - (-72 - -156)) + 1 + -1 + 12.
5
Evaluate (84 - (-53 - -117)) + -49.
-29
Calculate 534 + -551 + (37 - -1).
21
What is 6 + -22 + (8 - (-21 + 12)) + -74?
-73
Calculate -21 + 63 + -28 + (33 - 0).
47
Calculate -20 + -29 + (31 + -12 - 5) + 80.
45
What is (-77 - -128 - 20) + 27?
58
0 + (-15 + 1 - ((-11 - 30) + -10))
37
Evaluate -30 + 0 - (-98 - (-58 - 6)).
4
Evaluate 77 - ((40 - -99) + -39).
-23
What is 81 + -89 + (-7 - (-9 + 36))?
-42
39 + -197 + 84 + 60
-14
Evaluate (-90 - -150) + 7 + -43.
24
What is the value of -57 + 0 + 0 + (-22 - -11) + -14?
-82
Evaluate 27 + -13 + (55 - 51 - (9 + 1) - -78).
86
(41 + -23 - (7 - -6)) + 10
15
Calculate 60 + (108 - 208) + -12.
-52
What is (-28 - (-39 - -11)) + 15?
15
Evaluate 5 + -4 + -12 + (16 - 3) + 2 + 15.
19
What is the value of -4 + 43 + -442 + 427?
24
40 - (6 - (12 + (17 - 29)))
34
What is 0 + 0 - -31 - (713 - 693)?
11
Calculate 113 + 141 + -137 + -18.
99
-6 + 13 + (-7 - 0) + 77 + -31 + 5
51
Evaluate (1 - 1) + -9 - (-25 + (-51 + 26 - 12)).
53
Evaluate 19 + 23 + 25 + (1 + 2 - -1).
71
Evaluate -55 - (-22 + 40 + -70).
-3
Evaluate -19 + (35 - 20 - -28) - (0 - 8).
32
What is -33 + (59 + -58 - -54)?
22
14 + -2 + (10 - (13 - (-25 - -13)))
-3
Calculate 21 + (-86 - (-28 + 93)).
-130
Evaluate -3 + -60 - (-1 + 1 + -1 - (-4 + 9)).
-57
Evaluate 15 + -25 + -2 + 17 + -9 + -20.
-24
(6 - 1) + -38 + -32 + 38 + -4
-31
What is (-12 - (12 - 18)) + 18 + -52 + 4?
-36
Calculate -34 - -81 - 81 - -6.
-28
Evaluate -14 + (-5 - (-4 + 8 + -6 + 8) - -71).
46
Calculate (266 - 290) + 2 + 18 + (28 - (-1 - -1)).
24
What is -277 - -262 - (-122 + 3 + -3 - -8)?
99
11 - ((-3 - -6) + 6 - (84 + -59 - 18))
9
What is the value of -87 - 49 - -46 